{"id":46,"date":"2024-09-14T18:45:06","date_gmt":"2024-09-14T16:45:06","guid":{"rendered":"https:\/\/www.maloya-conciergerie.com\/?page_id=46"},"modified":"2024-09-23T15:36:20","modified_gmt":"2024-09-23T13:36:20","slug":"nos-services","status":"publish","type":"page","link":"https:\/\/www.maloya-conciergerie.com\/index.php\/nos-services\/","title":{"rendered":"Nos Services"},"content":{"rendered":"\n<p class=\"has-text-align-center\">Ayez l&rsquo;esprit tranquille, Maloya conciergerie s&rsquo;occupe de tout !<\/p>\n\n\n\n<p>Maloya conciergerie propose un service de conciergerie pour optimiser et rentabiliser votre h\u00e9bergement et offrir une exp\u00e9rience inoubliable \u00e0 vos voyageurs. De la r\u00e9daction d&rsquo;annonces \u00e0 la gestion des r\u00e9servations, la communication avec vos voyageurs en passant par le m\u00e9nage et l&rsquo;entretien de votre bien, nous sommes l\u00e0 pour garantir votre tranquilit\u00e9 d&rsquo;esprit. <\/p>\n\n\n\n<figure class=\"wp-block-image size-full\"><img decoding=\"async\" src=\"http:\/\/www.maloya-conciergerie.com\/wp-content\/uploads\/2024\/09\/Services1.jpg\" alt=\"\" class=\"wp-image-140\"\/><\/figure>\n\n\n\n<div class=\"wp-block-group is-style-default is-layout-grid wp-container-core-group-is-layout-478b6e6b wp-block-group-is-layout-grid\">\n<h3 class=\"wp-block-heading has-text-align-left wp-container-content-69bc4bdf\">Prise de contact<\/h3>\n\n\n\n<h3 class=\"wp-block-heading has-text-align-left wp-container-content-69bc4bdf\">Accueil Personnalis\u00e9<\/h3>\n\n\n\n<h3 class=\"wp-block-heading has-text-align-left\">Calendrier et R\u00e9servation<\/h3>\n\n\n\n<p class=\"wp-container-content-69bc4bdf\">Apr\u00e8s notre entretien t\u00e9l\u00e9phonique, nous vous proposons de vous rencontrer afin d&rsquo;\u00e9changer plus en d\u00e9tails sur votre projet et visiter votre logement afin de vous apporter nos conseils pour optimiser vos locations.<\/p>\n\n\n\n<p class=\"wp-container-content-69bc4bdf\">Nous r\u00e9alisons un document de pr\u00e9sentation du logement et des r\u00e8gles de la maison. Nous pouvons ajouter des paniers de bienvenus compos\u00e9s de produits locaux pour vos voyageurs si vous le souhaitez (voir nos extras)<\/p>\n\n\n\n<p>Nous garantissons une parfaite synchronisation des calendriers de r\u00e9servation tout au long de l\u2019ann\u00e9e. Nous optimisons \u00e9galement vos tarifs de fa\u00e7on dynamique afin de dynamiser vos performances locatives.<\/p>\n\n\n\n<h3 class=\"wp-block-heading\">Gestion Check-in \/ Check-out<\/h3>\n\n\n\n<h3 class=\"wp-block-heading\">M\u00e9nage et blanchisserie<\/h3>\n\n\n\n<h3 class=\"wp-block-heading\">Acc\u00e8s application mobile<\/h3>\n\n\n\n<p>Un accueil personnalis\u00e9 \u00e0 chaque client avec la fourniture d&rsquo;un livret d&rsquo;accueil pr\u00e9sentant le logement et les r\u00e8gles de la maison.<\/p>\n\n\n\n<p>Un service de nettoyage et de blanchisserie est assur\u00e9 automatiquement apr\u00e8s chaque s\u00e9jour.<\/p>\n\n\n\n<p>Suivez en temps r\u00e9el l\u2019actualit\u00e9 de votre logement&nbsp;: Le calendrier, vos revenus, le profil des voyageurs\u2026<\/p>\n<\/div>\n\n\n\n<figure class=\"wp-block-image size-large\"><img loading=\"lazy\" decoding=\"async\" width=\"1024\" height=\"683\" src=\"http:\/\/www.maloya-conciergerie.com\/wp-content\/uploads\/2024\/09\/Services1-2-1024x683.jpg\" alt=\"\" class=\"wp-image-142\" srcset=\"https:\/\/www.maloya-conciergerie.com\/wp-content\/uploads\/2024\/09\/Services1-2-1024x683.jpg 1024w, https:\/\/www.maloya-conciergerie.com\/wp-content\/uploads\/2024\/09\/Services1-2-300x200.jpg 300w, https:\/\/www.maloya-conciergerie.com\/wp-content\/uploads\/2024\/09\/Services1-2-768x512.jpg 768w, https:\/\/www.maloya-conciergerie.com\/wp-content\/uploads\/2024\/09\/Services1-2-1536x1024.jpg 1536w, https:\/\/www.maloya-conciergerie.com\/wp-content\/uploads\/2024\/09\/Services1-2-2048x1365.jpg 2048w, https:\/\/www.maloya-conciergerie.com\/wp-content\/uploads\/2024\/09\/Services1-2-1170x780.jpg 1170w\" sizes=\"auto, (max-width: 1024px) 100vw, 1024px\" \/><\/figure>\n\n\n\n<div class=\"wp-block-group is-layout-grid wp-container-core-group-is-layout-478b6e6b wp-block-group-is-layout-grid\">\n<h3 class=\"wp-block-heading wp-container-content-69bc4bdf\">Shooting pro<\/h3>\n\n\n\n<h3 class=\"wp-block-heading\">Informations voyageurs<\/h3>\n\n\n\n<h3 class=\"wp-block-heading\">Gestion des consommables<\/h3>\n\n\n\n<p>Nous pouvons vous proposer la mise en valeur de votre bien par un photographe professionnel.<\/p>\n\n\n\n<p>Nous r\u00e9pondons \u00e0 toutes les demandes d&rsquo;informations de vos voyageurs et pouvons leur fournir des renseignements utiles pour le bon d\u00e9roulement de leur s\u00e9jour.<\/p>\n\n\n\n<p>Nous veillons au bon r\u00e9approvisionnement des consommables de votre logement afin que vos voyageurs ne manquent de rien \u00e0 leur arriv\u00e9e dans votre bien.<\/p>\n<\/div>\n\n\n\n<h2 class=\"wp-block-heading has-text-align-center\">Vous souhaitez avoir plus de renseignements sur nos prestations<\/h2>\n\n\n\n<div class=\"wp-block-buttons is-content-justification-center is-layout-flex wp-container-core-buttons-is-layout-72caf8c6 wp-block-buttons-is-layout-flex\">\n<div class=\"wp-block-button is-style-fill\"><a class=\"wp-block-button__link has-text-align-center wp-element-button\" href=\"\/index.php\/contact\">Contactez-nous<\/a><\/div>\n<\/div>\n","protected":false},"excerpt":{"rendered":"<p>Ayez l&rsquo;esprit tranquille, Maloya conciergerie s&rsquo;occupe de tout ! Maloya conciergerie propose un service de conciergerie pour optimiser et rentabiliser votre h\u00e9bergement et offrir une exp\u00e9rience inoubliable \u00e0 vos voyageurs. De la r\u00e9daction d&rsquo;annonces \u00e0 la gestion des r\u00e9servations, la communication avec vos voyageurs en passant par le m\u00e9nage et l&rsquo;entretien de votre bien, nous [&hellip;]<\/p>\n","protected":false},"author":1,"featured_media":0,"parent":0,"menu_order":0,"comment_status":"closed","ping_status":"closed","template":"","meta":{"footnotes":""},"class_list":["post-46","page","type-page","status-publish","hentry"],"_links":{"self":[{"href":"https:\/\/www.maloya-conciergerie.com\/index.php\/wp-json\/wp\/v2\/pages\/46","targetHints":{"allow":["GET"]}}],"collection":[{"href":"https:\/\/www.maloya-conciergerie.com\/index.php\/wp-json\/wp\/v2\/pages"}],"about":[{"href":"https:\/\/www.maloya-conciergerie.com\/index.php\/wp-json\/wp\/v2\/types\/page"}],"author":[{"embeddable":true,"href":"https:\/\/www.maloya-conciergerie.com\/index.php\/wp-json\/wp\/v2\/users\/1"}],"replies":[{"embeddable":true,"href":"https:\/\/www.maloya-conciergerie.com\/index.php\/wp-json\/wp\/v2\/comments?post=46"}],"version-history":[{"count":24,"href":"https:\/\/www.maloya-conciergerie.com\/index.php\/wp-json\/wp\/v2\/pages\/46\/revisions"}],"predecessor-version":[{"id":216,"href":"https:\/\/www.maloya-conciergerie.com\/index.php\/wp-json\/wp\/v2\/pages\/46\/revisions\/216"}],"wp:attachment":[{"href":"https:\/\/www.maloya-conciergerie.com\/index.php\/wp-json\/wp\/v2\/media?parent=46"}],"curies":[{"name":"wp","href":"https:\/\/api.w.org\/{rel}","templated":true}]}}